2 = -8*j + 6*j. Let o(v) = -v**2 + 17*v - 38. Let b be o(8). Calculate the highest common divisor of j and b.
34
Suppose 0 = 6*g - 149 - 55. Suppose 2*w - 62 = -2*m - 20, -93 = -5*m - 2*w. What is the highest common divisor of m and g?
17
Let q be 76 - (-4 - (-3 + 0)). What is the greatest common factor of 616 and q?
77
Let h(a) = a**2 - 5*a - 120. Let t be h(15). What is the greatest common divisor of 390 and t?
30
Let g = 25 - 70. Let p be 5/g*-1587 - (-2)/(-6). What is the highest common divisor of p and 22?
22
Suppose 5*i - u - 1706 = -2*u, u + 1372 = 4*i. Calculate the highest common divisor of i and 18.
18
Let y = 13 + -3. Let o = -157 + 367. What is the greatest common divisor of o and y?
10
Let b(i) = i**3 + 4*i**2 - 7*i - 6. Let h be b(-5). Let t be (h/(-5))/(2/(-230)). Let c = t - 66. What is the greatest common factor of 13 and c?
13
Let n = -37 - -66. Suppose 4*w - 29 = -g, 65 = 5*g + 3*w - n. Suppose -11786*o + 11810*o = 3264. Calculate the greatest common divisor of g and o.
17
Let f = 95 - -38. What is the greatest common factor of 7 and f?
7
Suppose -19 = -2*t + 15. Suppose 0 = -7*y + 10*y + 2*o - 43, -2*o - t = -y. Calculate the highest common factor of y and 30.
15
Suppose 120*o = -37*o + 262 + 5861. Let l = -57 - -83. Calculate the greatest common factor of l and o.
13
Let k(g) = g**2 - 2*g - 12. Let z be k(-4). Let l(u) = -u**3 + 12*u**2 + 4*u. Let m be l(z). What is the greatest common factor of 16 and m?
16
Let d = 2555 + -2530. Suppose -43 = -4*o + 3*v - 4*v, v = o - 7. Calculate the highest common factor of o and d.
5
Suppose 5 = -5*l - 5*h, 3*l + 4*h + 1 = -h. Let r be 7*l - (6 - 4). Let f = r - -25. Calculate the greatest common factor of 3 and f.
3
Let f(l) be the third derivative of -l**5/60 + 5*l**4/12 - l**3/2 + 5*l**2. Let n be f(11). Let i = 19 + n. What is the greatest common divisor of i and 5?
5
Let h(j) = 3*j - 32. Let w be h(14). Let k = w - 2. What is the highest common factor of k and 8?
8
Suppose -4 = -10*r + 6. What is the greatest common factor of r and 7?
1
Let v(l) = -4*l - 67. Let b be v(-18). Let g(u) = u**3 - 5*u**2 + 4*u - 5. Let q be g(4). Let y = q - -10. What is the highest common factor of y and b?
5
Suppose 3*i + 15 = -27. Suppose 0 = -5*t - 4*z - 7, -t - 16 = 4*z - 5. Let q = t - i. What is the greatest common divisor of 5 and q?
5
Let n(v) = v**2 + 4*v + 5. Let b be n(-4). Let o = -1150 - -1155. Calculate the highest common factor of o and b.
5
Let w be 1/(-2)*(-1 - (-1 + 6)). Suppose -3*t = w*z - 36, 0*t + t - 10 = -3*z. Calculate the greatest common divisor of t and 117.
13
Let v = 2373 + -2369. What is the greatest common divisor of 121 and v?
1
Let k(u) = u**2 - 7*u - 8. Let d be k(-4). Calculate the greatest common divisor of d and 8.
4
Let a be (-9)/15 + 5274/15. What is the highest common divisor of a and 81?
27
Let r(d) = d + 12. Let x be r(-9). Let j be (111/3)/(x/3). Suppose -n + k + 31 = -2*k, -n - 3*k = -j. Calculate the greatest common factor of 17 and n.
17
Let i(s) = -s - 8. Let r = 15 - 10. Suppose 0 = -p - p - 4*k - 34, -p - 29 = r*k. Let w be i(p). Calculate the greatest common factor of 9 and w.
1
Let i(s) = 15*s + 5. Let c be i(6). Let q = c - 67. Let f(b) = b**2 - 3*b - 6. Let z be f(5). Calculate the greatest common factor of q and z.
4
Let g be -5*(-1 - 6/(-10)). Let v = 7 - g. Suppose -8*y + 49 = 9. What is the highest common factor of y and v?
5
Suppose 3*w - 370 - 8 = -2*n, 0 = 3*n + 2*w - 567. Suppose -4*b + 30 + 78 = 0. Calculate the greatest common divisor of n and b.
27
Let f be (294/392)/((-6)/52)*-2. Let x be (10/1)/((-6)/(-39)). What is the greatest common divisor of f and x?
13
Let y = -30 - -42. Let g be (2 + -1)*(-54)/6. Let k = 45 + g. Calculate the greatest common factor of k and y.
12
Let i(p) = 2*p + 2. Let r = -35 + 53. Suppose -3*q = 2*o - r, 0*q + o = 2*q - 19. Let l be i(q). Calculate the greatest common factor of 72 and l.
18
Let m be (-4)/22 + 35/11. Let t = m + 5. Suppose -12 - 22 = -34*z. What is the highest common factor of z and t?
1
Let d(p) = 4*p + 19. Let v be d(4). Suppose 0 = 5*m - 160 - v. What is the greatest common factor of m and 156?
39
Let t(a) = a - 12. Let u be t(13). Let h be 1*(1 + 0)*3. Suppose -5*v + 5*m = -35, 0 = h*v - 4*m + 5 - 29. What is the highest common divisor of u and v?
1
Suppose 5*f + 25 = a, 0 = 3*f - 5*a + 11 + 4. Let v be (-126)/4*(f + (-78)/(-18)). What is the greatest common divisor of v and 168?
21
Let y = -53 - -69. Suppose 2*w = 3*q + q - y, 3*q - 19 = -2*w. What is the greatest common factor of w and 14?
2
Let y(v) = v**3 - 34*v**2 + 94*v - 24. Let k be y(31). Calculate the greatest common factor of 1253 and k.
7
Suppose 5*p - 2*m = 27, -4*p + 16 = m - 3. Let f = 9 - 7. Suppose 3*y + f*j + 137 = 6*y, 4*j + 229 = 5*y. Calculate the greatest common divisor of y and p.
5
Let y(c) = -3*c + 1. Let f(m) = 22*m + 2. Let b(u) = -f(u) - y(u). Let p be b(-1). Suppose 0*g - 4*g = -64. What is the highest common divisor of p and g?
16
Suppose 2*x = -0*x + 20. Let k be x/(-10) + (-8)/(-1). Let j(o) = o**3 - 8*o**2 + 8*o - 1. Let h be j(k). What is the highest common divisor of h and 6?
6
Suppose 0 = -2*r + 4*t - 7 - 25, 5*r + 35 = t. Let k be (-1)/((r + 3)/57). Calculate the greatest common divisor of k and 19.
19
Let q = 658 - 652. Calculate the greatest common divisor of q and 156.
6
Suppose 30 = 8*x - 26. Let c(r) = -20*r**3 + r**2 + 3*r + 3. Let l be c(-1). What is the highest common divisor of l and x?
7
Let s be 12/18 - (-488)/6. Suppose c - 7 = 2*o - 32, 5*o = -4*c + s. Calculate the greatest common factor of o and 112.
14
Let w be (6/(-14))/((-9)/567*1). What is the greatest common factor of w and 99?
9
Let o = -71 + 70. Let l be o/(-2)*(38 + -2 - 2). Calculate the highest common divisor of 187 and l.
17
Let o(i) = -i**2 - 48*i - 191. Let f be o(-43). Calculate the highest common factor of f and 16.
8
Let y = 3 + 0. Suppose 142*s - 12 = 138*s. Suppose -y*f = -s*v - 4*f + 46, 4*v - 2*f - 48 = 0. What is the greatest common factor of v and 154?
14
Suppose -u = 2*u - 66. Let t = u + -12. What is the greatest common divisor of t and 80?
10
Suppose -14*s = -44*s + 1260. What is the highest common factor of 392 and s?
14
Let s be (-6)/(-2 + (-8)/(-5)). Let v be s/(-5) + 2 - -105. Calculate the highest common factor of v and 8.
8
Let q(c) = -2*c**3 + 26*c**2 - 39*c - 3. Let f be q(11). Let u be ((-4)/2)/(6/(-39)). Calculate the greatest common factor of f and u.
13
Suppose -3*w - 125 = 2*w. Let b = w + 13. Let j = -6 - b. What is the greatest common factor of 15 and j?
3
Let j(b) = -b - 14. Let a be j(-13). Let k be (7 + -4)/((a - -1) + 3). What is the highest common divisor of k and 1?
1
Let t be ((-70)/15)/(-1)*(-216)/(-84). Calculate the greatest common divisor of t and 66.
6
Suppose -9*t + 150 = -201. Let q be ((-3)/2)/(t/(-364)). Calculate the highest common divisor of q and 14.
14
Let k(o) = 8*o**3 + 12*o - 28. Let a be k(3). Calculate the greatest common divisor of a and 64.
32
Let m be 4/(-22) + 4095/77 + -8. Calculate the greatest common divisor of 153 and m.
9
Suppose 3*a - 17 = 16. Let i(w) = w**3 + 21*w**2 + 34*w - 10. Let f be i(-19). What is the highest common factor of a and f?
11
Let j be (3 + -1)*(-3)/6*-1. Calculate the greatest common divisor of j and 13.
1
Suppose -24*u + 1262 = -1906. Calculate the greatest common factor of u and 99.
33
Let j be (-22956)/(-174) + 12/174. What is the highest common divisor of 108 and j?
12
Suppose 22 = 4*c - 3*c. Let z = 8 + c. Let j = -1278 - -1323. Calculate the greatest common factor of z and j.
15
Suppose 84 = -3*a - 3*q, 7*a - 3*a - 4*q + 128 = 0. Let k = a + 40. What is the highest common factor of 10 and k?
10
Let x be (-18)/(-3) + 3*-1. Suppose x*y + y - 176 = 0. Suppose 0 = p + y - 119. Calculate the highest common factor of 30 and p.
15
Let s be ((-37)/37)/(2/(-130)). What is the highest common factor of 13 and s?
13
Suppose 0 = -2*f - 2*x + 430, 0*f + 4*x + 876 = 4*f. Suppose 3*l + 16 + 294 = 10*a, 0 = -2*a - 5*l + 62. What is the greatest common factor of a and f?
31
Let m be -576 + ((-24)/4 - -3 - -7). Let t = m - -891. Let g(j) = 4*j**2 + j - 4. Let h be g(-3). What is the highest common factor of t and h?
29
Suppose -6*o = -3*o. Suppose -2*v 